{"id":92,"date":"2025-11-09T18:11:21","date_gmt":"2025-11-09T15:11:21","guid":{"rendered":"https:\/\/demo.garsoft.com.tr\/jel-eldiven\/?page_id=92"},"modified":"2025-11-09T19:01:51","modified_gmt":"2025-11-09T16:01:51","slug":"kvkk","status":"publish","type":"page","link":"https:\/\/demo.garsoft.com.tr\/jel-eldiven\/kvkk","title":{"rendered":"Ki\u015fisel Verilerin Korunmas\u0131 ve \u0130\u015flenmesi"},"content":{"rendered":"<p>K\u0130\u015e\u0130SEL VER\u0130LER\u0130N KORUNMASI POL\u0130T\u0130KASI<br \/>\nEST 1923 Perakende ve \u0130nteraktif Ma\u011fazac\u0131l\u0131k Tic. Ltd. \u015eti.olarak bizimle payla\u015fm\u0131\u015f oldu\u011funuz ki\u015fisel verilere sayg\u0131 duyuyor ve ba\u015fta \u00f6zel hayat\u0131n gizlili\u011fi olmak \u00fczere temel hak ve \u00f6zg\u00fcrl\u00fcklerin korunmas\u0131n\u0131 \u00f6nemsiyoruz. Payla\u015ft\u0131\u011f\u0131n\u0131z ki\u015fisel verilerinizin 6698 say\u0131l\u0131 Ki\u015fisel Verilerin Korunmas\u0131 Kanunu (\u201cKVKK\u201d) uyar\u0131nca korunmas\u0131, ki\u015fisel verilerinizin al\u0131nma \u015fekilleri, i\u015flenme ama\u00e7lar\u0131, hukuki nedenleri ve kar\u015f\u0131l\u0131kl\u0131 hak ve y\u00fck\u00fcml\u00fcl\u00fcklerimiz konusunda sizleri ayr\u0131nt\u0131l\u0131 \u015fekilde bilgilendirmek istiyoruz.<\/p>\n<p>Ki\u015fisel verileriniz, Veri Sorumlusu s\u0131fat\u0131yla, EST 1923 Perakende ve \u0130nteraktif Ma\u011fazac\u0131l\u0131k Tic. Ltd. \u015eti. taraf\u0131ndan, KVKK h\u00fck\u00fcmlerine uygun olarak ve a\u015fa\u011f\u0131da a\u00e7\u0131klanan \u00e7er\u00e7evede elde edilebilecek, kaydedilebilecek, muhafaza edilebilecek, a\u00e7\u0131klanabilecek, mevzuat\u0131n izin verdi\u011fi \u00f6l\u00e7\u00fcde 3. ki\u015filere veya yurtd\u0131\u015f\u0131na aktar\u0131labilecek veya di\u011fer \u015fekillerde i\u015flenebilecektir.<\/p>\n<p>K\u0130\u015e\u0130SEL VER\u0130LER\u0130N KORUNMASI POL\u0130T\u0130KASI<\/p>\n<p>Ki\u015fisel verileriniz, otomatik ya da otomatik olmayan y\u00f6ntemlerle, ilgili mevzuattan kaynaklanan yasal y\u00fck\u00fcml\u00fcl\u00fcklerini yerine getirmek ve tahsilat, fatura tanzim etme ve sipari\u015f teslim s\u00fcre\u00e7lerini y\u00fcr\u00fctebilmek ad\u0131na s\u00f6zl\u00fc, yaz\u0131l\u0131 ya da elektronik olarak toplanabilecektir.<\/p>\n<p>Ki\u015fisel Verilerinizin Hangi Ama\u00e7la \u0130\u015flenece\u011fi<\/p>\n<p>\u015eirketimiz nezdinde ki\u015fisel veriler; ticari faaliyetlerin planlanmas\u0131 ve icras\u0131, yetkili kurum ve kurulu\u015flara mevzuattan kaynakl\u0131 bilgi verilmesi, taraf\u0131m\u0131zca do\u011frudan sa\u011flanmayan ve uzmanl\u0131k alan\u0131m\u0131za girmeyen konularda \u00f6deme hizmet al\u0131nmas\u0131, sipari\u015flerin teslim edilmesi, tahsilatlar\u0131n ger\u00e7ekle\u015ftirilmesi, fatura tanzim edilmesi, t\u00fcketici \u015fikayetlerinin \u00e7\u00f6z\u00fcmlenmesi, a\u00e7\u0131k r\u0131za vermeniz halinde ticari elektronik ileti g\u00f6nderilmesi, faaliyetlerin \u015eirketimiz prosed\u00fcrleri ve ilgili mevzuata uygun olarak y\u00fcr\u00fct\u00fclmesinin sa\u011flanmas\u0131 i\u00e7in gerekli denetim faaliyetlerinin planlanmas\u0131 ve icras\u0131, kurumsal s\u00fcrd\u00fcr\u00fclebilirlik faaliyetlerinin planlanmas\u0131 ve icras\u0131, \u015firketimizin itibar\u0131n\u0131n korunmas\u0131na y\u00f6nelik \u00e7al\u0131\u015fmalar\u0131n ger\u00e7ekle\u015ftirilmesi, talep ve \u015fikayet s\u00fcre\u00e7lerinin y\u00f6netimi, kurumsal y\u00f6netim ve ileti\u015fim faaliyetlerinin planlanmas\u0131 ve icras\u0131 amac\u0131yla hukuka ve d\u00fcr\u00fcstl\u00fck kurallar\u0131na ve i\u015flendikleri ama\u00e7la ba\u011flant\u0131l\u0131, s\u0131n\u0131rl\u0131 ve \u00f6l\u00e7\u00fcl\u00fc, ilgili mevzuatta \u00f6ng\u00f6r\u00fclen veya i\u015flendikleri ama\u00e7 i\u00e7in gerekli olan s\u00fcre kadar muhafaza edilme ilkelerine uygun olarak i\u015flenecektir.<\/p>\n<p>Ki\u015fisel Verilerinizin Aktar\u0131m\u0131<\/p>\n<p>Taraf\u0131n\u0131zdan edinilmi\u015f olan ki\u015fisel veriler yukar\u0131da an\u0131lan ama\u00e7lar\u0131n ifa edilebilmesi i\u00e7in hukuka ve d\u00fcr\u00fcstl\u00fck kurallar\u0131na ve i\u015flendikleri ama\u00e7la ba\u011flant\u0131l\u0131, s\u0131n\u0131rl\u0131 ve \u00f6l\u00e7\u00fcl\u00fc, ilgili mevzuatta \u00f6ng\u00f6r\u00fclen veya i\u015flendikleri ama\u00e7 i\u00e7in gerekli olan s\u00fcre kadar muhafaza edilme ilkelerine uygun olarak Ticaret Bakanl\u0131\u011f\u0131, \u015firketimizce hizmet\/destek\/dan\u0131\u015fmanl\u0131k al\u0131nan ya da i\u015fbirli\u011fi yap\u0131lan yurti\u00e7i\/yurtd\u0131\u015f\u0131\/uluslararas\u0131, kamu\/\u00f6zel kurum ve kurulu\u015flar, \u015firketler ve \u015firketimizin dan\u0131\u015fmanlar\u0131 ya da \u00e7\u00f6z\u00fcm ortaklar\u0131 di\u011fer grup \u015firketlerine, di\u011fer yetkili kurum ve kurulu\u015flara, tedarik\u00e7ilerine veya alt y\u00fcklenicilerine, T\u00fcrk Ticaret Kanunu, ilgili di\u011fer mevzuat h\u00fck\u00fcmlerinin izin verdi\u011fi ki\u015fi veya kurulu\u015flara, hukuki yetkisi dahilinde talep etti\u011fi ama\u00e7la s\u0131n\u0131rl\u0131 olarak hukuken yetkili kamu ve\/veya \u00f6zel hukuk t\u00fczel ki\u015filerine ve di\u011fer mevzuat h\u00fck\u00fcmlerinin izin verdi\u011fi ya da zorunlu tuttu\u011fu ki\u015fi veya kurulu\u015flarla, resmi mercilerin talepleri \u00fczerine resmi mercilerle payla\u015f\u0131labilecektir.<\/p>\n<p>Ayr\u0131ca, KVKK\u2019 n\u0131n 5 ve 8. maddeleri uyar\u0131nca ve\/veya ilgili mevzuattaki istisnalar\u0131n varl\u0131\u011f\u0131 halinde ki\u015fisel verileri Veri Sahibinin ayr\u0131ca r\u0131zas\u0131n\u0131 almaks\u0131z\u0131n i\u015fleyebilecek ve \u00fc\u00e7\u00fcnc\u00fc ki\u015filerle payla\u015fabilecektir. Bu durumlar\u0131n ba\u015fl\u0131calar\u0131 a\u015fa\u011f\u0131da belirtilmi\u015ftir: Kanunlarda a\u00e7\u0131k\u00e7a \u00f6ng\u00f6r\u00fclmesi,Fiili imk\u00e2ns\u0131zl\u0131k nedeniyle r\u0131zas\u0131n\u0131 a\u00e7\u0131klayamayacak durumda bulunan veya r\u0131zas\u0131na hukuki ge\u00e7erlilik tan\u0131nmayan ki\u015finin kendisinin ya da bir ba\u015fkas\u0131n\u0131n hayat\u0131 veya beden b\u00fct\u00fcnl\u00fc\u011f\u00fcn\u00fcn korunmas\u0131 i\u00e7in zorunlu olmas\u0131,Veri sahibi ile \u015eirket aras\u0131nda herhangi bir s\u00f6zle\u015fmenin kurulmas\u0131 veya ifas\u0131yla do\u011frudan do\u011fruya ilgili olmas\u0131 kayd\u0131yla, ki\u015fisel verilerin i\u015flenmesinin gerekli olmas\u0131,Hukuki y\u00fck\u00fcml\u00fcl\u00fcklerin yerine getirilebilmesi i\u00e7in zorunlu olmas\u0131,Veri sahibinin kendisi taraf\u0131ndan alenile\u015ftirilmi\u015f olmas\u0131,Bir hakk\u0131n tesisi, kullan\u0131lmas\u0131 veya korunmas\u0131 i\u00e7in veri i\u015flemenin zorunlu olmas\u0131,Veri sahibinin temel hak ve \u00f6zg\u00fcrl\u00fcklerine zarar vermemek kayd\u0131yla, \u015eirket\u2019in me\u015fru menfaatleri i\u00e7in veri i\u015flenmesinin zorunlu olmas\u0131.<\/p>\n<p>Ki\u015fisel Veri Toplaman\u0131n Y\u00f6ntemi ve Hukuki Sebebi<\/p>\n<p>Ki\u015fisel verileriniz, her t\u00fcrl\u00fc s\u00f6zl\u00fc, yaz\u0131l\u0131 ya da elektronik ortamda, yukar\u0131da yer verilen ama\u00e7lar do\u011frultusunda \u015eirket\u00e7e sundu\u011fumuz hizmetlerin belirlenen yasal \u00e7er\u00e7evede sunulabilmesi ve bu kapsamda \u015eirketimizin s\u00f6zle\u015fme ve yasadan do\u011fan mesuliyetlerini eksiksiz ve do\u011fru bir \u015fekilde yerine getirebilmesi gayesi ile edinilir. Bu hukuki sebeple toplanan ki\u015fisel verileriniz KVK Kanunu\u2019nun 5. ve 6. maddelerinde belirtilen ki\u015fisel veri i\u015fleme \u015fartlar\u0131 ve ama\u00e7lar\u0131 kapsam\u0131nda bu metnin (1) ve (2) numaral\u0131 maddelerinde belirtilen ama\u00e7larla da i\u015flenebilmekte ve aktar\u0131labilmektedir.<\/p>\n<p>Ki\u015fisel Veri Sahibinin Haklar\u0131<\/p>\n<p>Ki\u015fisel veri sahipleri olarak, haklar\u0131n\u0131za ili\u015fkin taleplerinizi, a\u015fa\u011f\u0131da d\u00fczenlenen y\u00f6ntemlerle \u015eirketimize iletmeniz halinde, \u015eirketimiz talebinizi niteli\u011fine g\u00f6re en k\u0131sa s\u00fcrede ve en ge\u00e7 otuz (30) g\u00fcn i\u00e7inde \u00fccretsiz olarak sonu\u00e7land\u0131racakt\u0131r. Ancak, Ki\u015fisel Verileri Koruma Kurulunca bir \u00fccret \u00f6ng\u00f6r\u00fclmesi halinde, \u015eirketimiz taraf\u0131ndan belirlenen tarifedeki \u00fccret al\u0131nacakt\u0131r.<\/p>\n<p>Bu kapsamda ki\u015fisel veri sahipleri;<\/p>\n<p>Ki\u015fisel veri i\u015flenip i\u015flenmedi\u011fini \u00f6\u011frenme,<br \/>\nKi\u015fisel verileri i\u015flenmi\u015fse buna ili\u015fkin bilgi talep etme,<br \/>\nKi\u015fisel verilerin i\u015flenme amac\u0131n\u0131 ve bunlar\u0131n amac\u0131na uygun kullan\u0131l\u0131p kullan\u0131lmad\u0131\u011f\u0131n\u0131 \u00f6\u011frenme,<br \/>\nYurt i\u00e7inde veya yurt d\u0131\u015f\u0131nda ki\u015fisel verilerin aktar\u0131ld\u0131\u011f\u0131 \u00fc\u00e7\u00fcnc\u00fc ki\u015fileri bilme,<br \/>\nKi\u015fisel verilerin eksik veya yanl\u0131\u015f i\u015flenmi\u015f olmas\u0131 h\u00e2linde bunlar\u0131n d\u00fczeltilmesini isteme ve bu kapsamda yap\u0131lan i\u015flemin ki\u015fisel verilerin aktar\u0131ld\u0131\u011f\u0131 \u00fc\u00e7\u00fcnc\u00fc ki\u015filere bildirilmesini isteme,<br \/>\nKVKK\u2019nun ve ilgili di\u011fer kanun h\u00fck\u00fcmlerine uygun olarak i\u015flenmi\u015f olmas\u0131na ra\u011fmen, i\u015flenmesini gerektiren sebeplerin ortadan kalkmas\u0131 h\u00e2linde ki\u015fisel verilerin silinmesini veya yok edilmesini isteme ve bu kapsamda yap\u0131lan i\u015flemin ki\u015fisel verilerin aktar\u0131ld\u0131\u011f\u0131 \u00fc\u00e7\u00fcnc\u00fc ki\u015filere bildirilmesini isteme,<br \/>\n\u0130\u015flenen verilerin m\u00fcnhas\u0131ran otomatik sistemler vas\u0131tas\u0131yla analiz edilmesi suretiyle ki\u015finin kendisi aleyhine bir sonucun ortaya \u00e7\u0131kmas\u0131na itiraz etme,<br \/>\nKi\u015fisel verilerin kanuna ayk\u0131r\u0131 olarak i\u015flenmesi nedeniyle zarara u\u011framas\u0131 h\u00e2linde zarar\u0131n giderilmesini talep etme haklar\u0131na sahiptir.<br \/>\nBu haklar\u0131n\u0131z\u0131 kullanmak ile ilgili talebinizi yaz\u0131l\u0131 olarak veya Ki\u015fisel Verileri Koruma Kurulu taraf\u0131ndan ayr\u0131 bir y\u00f6ntem belirlenmesi halinde bu y\u00f6nteme uygun olarak kimli\u011finizi tespit edici gerekli bilgiler ile KVK Kanunu\u2019nun 11. maddesinde belirtilen haklardan kullanmay\u0131 talep etti\u011finiz hakk\u0131n\u0131za y\u00f6nelik a\u00e7\u0131klamalar\u0131n\u0131z\u0131 i\u00e7erecek \u015fekilde bize iletebilirsiniz.<br \/>\nKi\u015fisel Verilerinizin Silinmesi, Yok Edilmesi veya Anonimle\u015ftirilmesi<\/p>\n<p>KVK Kanunu\u2019nun 7. maddesi uyar\u0131nca, ki\u015fisel verilerin ilgili mevzuata uygun olarak i\u015flenmi\u015f olmas\u0131na ra\u011fmen, i\u015flenmesini gerektiren sebeplerin ortadan kalkmas\u0131 halinde ki\u015fisel veriler re\u2019sen veya ki\u015fisel veri sahibinin talebi \u00fczerine \u015eirketimiz taraf\u0131ndan silinir, yok edilir veya anonim hale getirilir.<\/p>\n<p>Bu hususa ili\u015fkin usul ve esaslar KVK Kanunu ve 28.10.2017 tarihli ve 30224 say\u0131l\u0131 Resmi Gazete\u2019de yay\u0131nlanan Ki\u015fisel Verilerin Silinmesi, Yok Edilmesi veya Anonim Hale Getirilmesi Hakk\u0131nda Y\u00f6netmelik\u2019e g\u00f6re yerine getirilecektir.<\/p>\n<p>Ki\u015fisel verileri silme, yok etme veya anonim hale getirme y\u00fck\u00fcml\u00fcl\u00fc\u011f\u00fcm\u00fcz\u00fcn ortaya \u00e7\u0131kt\u0131\u011f\u0131 tarihi takip eden 3 (\u00fc\u00e7) ay i\u00e7erisinde, ki\u015fisel veriler silinir, yok edilir veya anonim hale getirilir.<\/p>\n<p>\u015eirketimize ba\u015fvurarak ki\u015fisel verilerinizin silinmesini veya yok edilmesini talep etti\u011finizde;<\/p>\n<p>a) Ki\u015fisel verileri i\u015fleme \u015fartlar\u0131n\u0131n tamam\u0131 ortadan kalkm\u0131\u015fsa; talebe konu ki\u015fisel verilerinizi silinir, yok edilir veya anonim hale getirilir. Talebiniz en ge\u00e7 otuz (30) g\u00fcn i\u00e7inde sonu\u00e7land\u0131r\u0131l\u0131r ve taraf\u0131n\u0131za bilgi verilir.<\/p>\n<p>b) Ki\u015fisel verileri i\u015fleme \u015fartlar\u0131n\u0131n tamam\u0131 ortadan kalkm\u0131\u015f ve talebe konu olan ki\u015fisel veriler \u00fc\u00e7\u00fcnc\u00fc ki\u015filere aktar\u0131lm\u0131\u015fsa bu durum \u00fc\u00e7\u00fcnc\u00fc ki\u015filere bildirir; Y\u00f6netmelik kapsam\u0131nda gerekli i\u015flemlerin yap\u0131lmas\u0131 temin edilir.<\/p>\n<p>c) Ki\u015fisel verileri i\u015fleme \u015fartlar\u0131n\u0131n tamam\u0131 ortadan kalkmam\u0131\u015fsa, talebiniz KVK Kanunun 13 \u00fcnc\u00fc maddesinin \u00fc\u00e7\u00fcnc\u00fc f\u0131kras\u0131 uyar\u0131nca gerek\u00e7esi a\u00e7\u0131klanarak reddedilebilir ve ret cevab\u0131 taraf\u0131n\u0131za en ge\u00e7 otuz g\u00fcn (30) i\u00e7inde yaz\u0131l\u0131 olarak ya da elektronik ortamda bildirilir.<\/p>\n","protected":false},"excerpt":{"rendered":"<p>K\u0130\u015e\u0130SEL VER\u0130LER\u0130N KORUNMASI POL\u0130T\u0130KASI EST 1923 Perakende ve \u0130nteraktif Ma\u011fazac\u0131l\u0131k Tic. Ltd. \u015eti.olarak bizimle payla\u015fm\u0131\u015f oldu\u011funuz ki\u015fisel verilere sayg\u0131 duyuyor ve ba\u015fta \u00f6zel hayat\u0131n gizlili\u011fi olmak \u00fczere temel hak ve \u00f6zg\u00fcrl\u00fcklerin korunmas\u0131n\u0131 \u00f6nemsiyoruz. Payla\u015ft\u0131\u011f\u0131n\u0131z ki\u015fisel verilerinizin 6698 say\u0131l\u0131 Ki\u015fisel Verilerin Korunmas\u0131 Kanunu (\u201cKVKK\u201d) uyar\u0131nca korunmas\u0131, ki\u015fisel verilerinizin al\u0131nma \u015fekilleri, i\u015flenme ama\u00e7lar\u0131, hukuki nedenleri ve kar\u015f\u0131l\u0131kl\u0131 [&hellip;]<\/p>\n","protected":false},"author":1,"featured_media":0,"parent":0,"menu_order":0,"comment_status":"closed","ping_status":"closed","template":"page-kvkk.php","meta":{"footnotes":""},"class_list":["post-92","page","type-page","status-publish","hentry"],"yoast_head":"<!-- This site is optimized with the Yoast SEO plugin v26.5 - https:\/\/yoast.com\/wordpress\/plugins\/seo\/ -->\n<title>Ki\u015fisel Verilerin Korunmas\u0131 ve \u0130\u015flenmesi - BioClean<\/title>\n<meta name=\"robots\" content=\"noindex, follow, max-snippet:-1, max-image-preview:large, max-video-preview:-1\" \/>\n<meta property=\"og:locale\" content=\"tr_TR\" \/>\n<meta property=\"og:type\" content=\"article\" \/>\n<meta property=\"og:title\" content=\"Ki\u015fisel Verilerin Korunmas\u0131 ve \u0130\u015flenmesi - BioClean\" \/>\n<meta property=\"og:description\" content=\"K\u0130\u015e\u0130SEL VER\u0130LER\u0130N KORUNMASI POL\u0130T\u0130KASI EST 1923 Perakende ve \u0130nteraktif Ma\u011fazac\u0131l\u0131k Tic. Ltd. \u015eti.olarak bizimle payla\u015fm\u0131\u015f oldu\u011funuz ki\u015fisel verilere sayg\u0131 duyuyor ve ba\u015fta \u00f6zel hayat\u0131n gizlili\u011fi olmak \u00fczere temel hak ve \u00f6zg\u00fcrl\u00fcklerin korunmas\u0131n\u0131 \u00f6nemsiyoruz. Payla\u015ft\u0131\u011f\u0131n\u0131z ki\u015fisel verilerinizin 6698 say\u0131l\u0131 Ki\u015fisel Verilerin Korunmas\u0131 Kanunu (\u201cKVKK\u201d) uyar\u0131nca korunmas\u0131, ki\u015fisel verilerinizin al\u0131nma \u015fekilleri, i\u015flenme ama\u00e7lar\u0131, hukuki nedenleri ve kar\u015f\u0131l\u0131kl\u0131 [&hellip;]\" \/>\n<meta property=\"og:url\" content=\"https:\/\/demo.garsoft.com.tr\/jel-eldiven\/kvkk\" \/>\n<meta property=\"og:site_name\" content=\"BioClean\" \/>\n<meta property=\"article:modified_time\" content=\"2025-11-09T16:01:51+00:00\" \/>\n<meta name=\"twitter:card\" content=\"summary_large_image\" \/>\n<meta name=\"twitter:label1\" content=\"Tahmini okuma s\u00fcresi\" \/>\n\t<meta name=\"twitter:data1\" content=\"7 dakika\" \/>\n<script type=\"application\/ld+json\" class=\"yoast-schema-graph\">{\"@context\":\"https:\/\/schema.org\",\"@graph\":[{\"@type\":\"WebPage\",\"@id\":\"https:\/\/demo.garsoft.com.tr\/jel-eldiven\/kvkk\",\"url\":\"https:\/\/demo.garsoft.com.tr\/jel-eldiven\/kvkk\",\"name\":\"Ki\u015fisel Verilerin Korunmas\u0131 ve \u0130\u015flenmesi - BioClean\",\"isPartOf\":{\"@id\":\"https:\/\/demo.garsoft.com.tr\/jel-eldiven\/#website\"},\"datePublished\":\"2025-11-09T15:11:21+00:00\",\"dateModified\":\"2025-11-09T16:01:51+00:00\",\"breadcrumb\":{\"@id\":\"https:\/\/demo.garsoft.com.tr\/jel-eldiven\/kvkk#breadcrumb\"},\"inLanguage\":\"tr\",\"potentialAction\":[{\"@type\":\"ReadAction\",\"target\":[\"https:\/\/demo.garsoft.com.tr\/jel-eldiven\/kvkk\"]}]},{\"@type\":\"BreadcrumbList\",\"@id\":\"https:\/\/demo.garsoft.com.tr\/jel-eldiven\/kvkk#breadcrumb\",\"itemListElement\":[{\"@type\":\"ListItem\",\"position\":1,\"name\":\"Anasayfa\",\"item\":\"https:\/\/demo.garsoft.com.tr\/jel-eldiven\"},{\"@type\":\"ListItem\",\"position\":2,\"name\":\"Ki\u015fisel Verilerin Korunmas\u0131 ve \u0130\u015flenmesi\"}]},{\"@type\":\"WebSite\",\"@id\":\"https:\/\/demo.garsoft.com.tr\/jel-eldiven\/#website\",\"url\":\"https:\/\/demo.garsoft.com.tr\/jel-eldiven\/\",\"name\":\"BioClean\",\"description\":\"\",\"potentialAction\":[{\"@type\":\"SearchAction\",\"target\":{\"@type\":\"EntryPoint\",\"urlTemplate\":\"https:\/\/demo.garsoft.com.tr\/jel-eldiven\/?s={search_term_string}\"},\"query-input\":{\"@type\":\"PropertyValueSpecification\",\"valueRequired\":true,\"valueName\":\"search_term_string\"}}],\"inLanguage\":\"tr\"}]}<\/script>\n<!-- \/ Yoast SEO plugin. -->","yoast_head_json":{"title":"Ki\u015fisel Verilerin Korunmas\u0131 ve \u0130\u015flenmesi - BioClean","robots":{"index":"noindex","follow":"follow","max-snippet":"max-snippet:-1","max-image-preview":"max-image-preview:large","max-video-preview":"max-video-preview:-1"},"og_locale":"tr_TR","og_type":"article","og_title":"Ki\u015fisel Verilerin Korunmas\u0131 ve \u0130\u015flenmesi - BioClean","og_description":"K\u0130\u015e\u0130SEL VER\u0130LER\u0130N KORUNMASI POL\u0130T\u0130KASI EST 1923 Perakende ve \u0130nteraktif Ma\u011fazac\u0131l\u0131k Tic. Ltd. \u015eti.olarak bizimle payla\u015fm\u0131\u015f oldu\u011funuz ki\u015fisel verilere sayg\u0131 duyuyor ve ba\u015fta \u00f6zel hayat\u0131n gizlili\u011fi olmak \u00fczere temel hak ve \u00f6zg\u00fcrl\u00fcklerin korunmas\u0131n\u0131 \u00f6nemsiyoruz. Payla\u015ft\u0131\u011f\u0131n\u0131z ki\u015fisel verilerinizin 6698 say\u0131l\u0131 Ki\u015fisel Verilerin Korunmas\u0131 Kanunu (\u201cKVKK\u201d) uyar\u0131nca korunmas\u0131, ki\u015fisel verilerinizin al\u0131nma \u015fekilleri, i\u015flenme ama\u00e7lar\u0131, hukuki nedenleri ve kar\u015f\u0131l\u0131kl\u0131 [&hellip;]","og_url":"https:\/\/demo.garsoft.com.tr\/jel-eldiven\/kvkk","og_site_name":"BioClean","article_modified_time":"2025-11-09T16:01:51+00:00","twitter_card":"summary_large_image","twitter_misc":{"Tahmini okuma s\u00fcresi":"7 dakika"},"schema":{"@context":"https:\/\/schema.org","@graph":[{"@type":"WebPage","@id":"https:\/\/demo.garsoft.com.tr\/jel-eldiven\/kvkk","url":"https:\/\/demo.garsoft.com.tr\/jel-eldiven\/kvkk","name":"Ki\u015fisel Verilerin Korunmas\u0131 ve \u0130\u015flenmesi - BioClean","isPartOf":{"@id":"https:\/\/demo.garsoft.com.tr\/jel-eldiven\/#website"},"datePublished":"2025-11-09T15:11:21+00:00","dateModified":"2025-11-09T16:01:51+00:00","breadcrumb":{"@id":"https:\/\/demo.garsoft.com.tr\/jel-eldiven\/kvkk#breadcrumb"},"inLanguage":"tr","potentialAction":[{"@type":"ReadAction","target":["https:\/\/demo.garsoft.com.tr\/jel-eldiven\/kvkk"]}]},{"@type":"BreadcrumbList","@id":"https:\/\/demo.garsoft.com.tr\/jel-eldiven\/kvkk#breadcrumb","itemListElement":[{"@type":"ListItem","position":1,"name":"Anasayfa","item":"https:\/\/demo.garsoft.com.tr\/jel-eldiven"},{"@type":"ListItem","position":2,"name":"Ki\u015fisel Verilerin Korunmas\u0131 ve \u0130\u015flenmesi"}]},{"@type":"WebSite","@id":"https:\/\/demo.garsoft.com.tr\/jel-eldiven\/#website","url":"https:\/\/demo.garsoft.com.tr\/jel-eldiven\/","name":"BioClean","description":"","potentialAction":[{"@type":"SearchAction","target":{"@type":"EntryPoint","urlTemplate":"https:\/\/demo.garsoft.com.tr\/jel-eldiven\/?s={search_term_string}"},"query-input":{"@type":"PropertyValueSpecification","valueRequired":true,"valueName":"search_term_string"}}],"inLanguage":"tr"}]}},"_links":{"self":[{"href":"https:\/\/demo.garsoft.com.tr\/jel-eldiven\/wp-json\/wp\/v2\/pages\/92","targetHints":{"allow":["GET"]}}],"collection":[{"href":"https:\/\/demo.garsoft.com.tr\/jel-eldiven\/wp-json\/wp\/v2\/pages"}],"about":[{"href":"https:\/\/demo.garsoft.com.tr\/jel-eldiven\/wp-json\/wp\/v2\/types\/page"}],"author":[{"embeddable":true,"href":"https:\/\/demo.garsoft.com.tr\/jel-eldiven\/wp-json\/wp\/v2\/users\/1"}],"replies":[{"embeddable":true,"href":"https:\/\/demo.garsoft.com.tr\/jel-eldiven\/wp-json\/wp\/v2\/comments?post=92"}],"version-history":[{"count":5,"href":"https:\/\/demo.garsoft.com.tr\/jel-eldiven\/wp-json\/wp\/v2\/pages\/92\/revisions"}],"predecessor-version":[{"id":217,"href":"https:\/\/demo.garsoft.com.tr\/jel-eldiven\/wp-json\/wp\/v2\/pages\/92\/revisions\/217"}],"wp:attachment":[{"href":"https:\/\/demo.garsoft.com.tr\/jel-eldiven\/wp-json\/wp\/v2\/media?parent=92"}],"curies":[{"name":"wp","href":"https:\/\/api.w.org\/{rel}","templated":true}]}}